i. Calculate the greatest common divisor of 12 and h.
12
Suppose 3*y = 7*y + 24. Let x(g) = -3*g - 8. Let m be x(y). Let f be 271/3 - (-2)/(-6). Calculate the highest common factor of m and f.
10
Let w = 1544 - 1537. Suppose -v - 4 = 4*a - 101, 2*v - 5*a = 129. Calculate the greatest common divisor of v and w.
7
Let i be 2*(-2 - 216/(0 - 3)). Suppose 4 = t - 7. Suppose 0 = -2*k + 29 + t. Calculate the highest common factor of i and k.
20
Let h be 119/2 + (-3)/60*-10. Calculate the highest common factor of 24 and h.
12
Suppose 1575 = -4*s + 13*s. What is the highest common factor of s and 50?
25
Suppose -4 = -v - v, -4*u + 4*v = 0. Suppose 2*q - 84 = -2*q + 2*n, 0 = -u*n. What is the highest common divisor of 63 and q?
21
Let h = 11 + 18. Suppose -r + 20 = r - 4*i, -h = -3*r + 5*i. Let j be (-20)/(-6)*1*12. Calculate the highest common divisor of r and j.
8
Let h be ((-30)/8)/(-3) - 553/(-28). Calculate the greatest common factor of h and 9.
3
Let g = 151 + -34. What is the greatest common factor of g and 13?
13
Let t(z) = 14 - 20*z + 31*z - z**3 - 3*z**2 + 0*z**2 - 6*z**2. Let d be t(-10). Calculate the greatest common factor of d and 1.
1
Let y(m) = -6*m - 3. Let v be y(-1). Suppose 8*d - 5*d - v = 0. Let n = 25 + -14. What is the greatest common divisor of n and d?
1
Let o = -446 - -450. What is the greatest common divisor of 36 and o?
4
Let q(s) = -109*s - 15. Let m be q(-3). What is the highest common factor of 390 and m?
78
Let n(r) = -2*r + 74. Let s be n(15). What is the greatest common factor of 28 and s?
4
Let u be 3/4*4 + 240/8. Suppose -4*j = -3*m + 78, 2*j + 81 = 3*m - 3*j. Calculate the highest common divisor of m and u.
11
Suppose -5*r - 40 = -5*u, -6*r - 21 = -3*u - 4*r. Suppose -6*h + 112 = -u*h. Calculate the highest common factor of h and 16.
16
Suppose 5*m - 13 = 7. Let a be 0/(-3 - (m + -5)). Suppose -d + 90 - 18 = a. What is the highest common divisor of d and 18?
18
Let a(b) = -b**2 + 3*b - 11. Let p be a(11). Let x = p + 219. Let n be (x/18)/((-4)/(-18)). Calculate the highest common factor of n and 90.
30
Suppose 0 = 63*k - 59*k - 52. What is the greatest common factor of 351 and k?
13
Let h = 37 + -16. Suppose -13*y + 63 = -12*y. Suppose 5*i - y = -4*i. Calculate the greatest common divisor of i and h.
7
Let g be 4 - (9/(-3))/(-3). Suppose -g*i + 5*y = -0 - 8, 5*y + 5 = 0. Calculate the greatest common factor of 13 and i.
1
Let m = 3793 - 1665. What is the greatest common divisor of 133 and m?
133
Let w(t) = t - 66. Let h be w(0). Let d = h - -132. Let u = -745 - -751. Calculate the greatest common factor of d and u.
6
Suppose -7*r + 413 = -483. Suppose 2*k = 4*u - 5*u + 32, 5*k - r = -4*u. What is the highest common divisor of u and 8?
8
Suppose -124 = -5*u + 4*c, 28*u - 25*u + 3*c = 69. Let o = 0 + 3. Calculate the highest common divisor of u and o.
3
Let r(c) = c**3 + 22*c**2 - 33*c - 65. Let g be r(-23). Calculate the greatest common divisor of 15 and g.
15
Let s = -1873 - -2063. What is the highest common factor of s and 40?
10
Let q(w) = 2*w + 4 + 14 - 4*w + 16. Let n be q(-19). What is the greatest common divisor of 36 and n?
36
Suppose 14*k = 17*k - 6. What is the greatest common divisor of k and 1?
1
Let g(t) = -t**3 - 4*t**2 - 6*t. Suppose -17*r - 60 = -2*r. Let i be g(r). What is the greatest common divisor of i and 6?
6
Suppose 26 - 3 = a. Let n(f) = -45*f + 118. Let k be n(-3). Calculate the greatest common divisor of a and k.
23
Let u(v) = -3*v**3 - 3*v**2 - 2*v - 18. Let k be u(-3). Calculate the highest common factor of 78 and k.
6
Let o be (1023/62)/(3/26). Let n(k) = 10*k - 4. Let u be n(3). What is the greatest common factor of u and o?
13
Suppose -2523 - 365 = -19*c. Calculate the greatest common divisor of 684 and c.
76
Suppose 0 = -0*a + 15*a - 2625. What is the highest common divisor of 100 and a?
25
Suppose -108 = -19*h + 177. Calculate the highest common divisor of 435 and h.
15
Let u = 8 - -25. Suppose 4*d - 7 = u. Suppose -19 = -3*o - d. What is the greatest common divisor of 21 and o?
3
Suppose 751*x - 761*x = -2420. What is the highest common divisor of 22 and x?
22
Let s(b) = 3*b - 63. Let m be s(23). Suppose 3*n - 3*d + m*d - 90 = 0, 5*d + 10 = 0. What is the greatest common factor of n and 4?
4
Let a be 2386/8 - (0 + (-50)/(-40)). What is the greatest common factor of 9 and a?
9
Suppose 0*j - 5 = -5*h - 4*j, 2*j - 10 = 0. Let d be h*1/(-2 - -1). Let c be (-3)/(6/(-10)) + d. Calculate the greatest common factor of 1 and c.
1
Suppose 4*m + 4*k = -120, 0 = -3*m - 5*k + 3*k - 88. Let y = -19 - m. Calculate the highest common factor of 27 and y.
9
Suppose 6*c - c - 1 = -4*u, 7 = 4*c - 3*u. Suppose 0 = -0*b + b. Suppose -6*q + q + 25 = b. Calculate the greatest common factor of q and c.
1
Suppose -4*y - 24 + 8 = 0, 5*q = -4*y - 1. Let c be (1 - (q + -3))/(2/12). What is the greatest common factor of c and 2?
2
Let h be 102/18 - 2/3. Suppose s + 5 = h*a, 3*s = 4*a - 0*a + 29. What is the greatest common factor of 15 and s?
15
Let g(b) = 58*b**2 + 16*b - 12. Let n be g(4). Calculate the greatest common factor of 40 and n.
20
Suppose 2*z = -3*z + 20. Suppose -z*t + t = 0. Suppose -j - 8 + 9 = t. What is the greatest common factor of j and 4?
1
Let t(h) = -35*h**2 + h + 1. Let g be t(-1). Let d = g + 71. Let i = -55 - -109. Calculate the greatest common divisor of d and i.
18
Let l be 8/12*135/2. Suppose g + 1 - l = 0. What is the greatest common divisor of 11 and g?
11
Let n(u) = u**2 - 25*u - 32. Let p be n(27). Calculate the highest common divisor of 99 and p.
11
Suppose -1079 = -8*m - 247. Suppose 4*u + 0*g - 85 = g, m = 5*u - 2*g. Calculate the highest common factor of 154 and u.
22
Let k = 57 + 60. Suppose z = 3*z - 4*w - 250, z - 90 = -5*w. Let y = z + -102. Calculate the highest common divisor of k and y.
13
Let d = 79 + -39. Suppose -6*n + 40 = 10. Calculate the greatest common divisor of d and n.
5
Let c(j) = 55*j**3 - 21*j**2 + 31*j + 2. Let b be c(2). What is the highest common factor of b and 63?
21
Let o(b) = -b**2 - 81*b + 450. Let n be o(5). Let v(z) = -z + 1. Let j be v(5). Let c be (-11 + 1)*(j - -2). What is the highest common divisor of n and c?
20
Let p be (3 - (4 - -2)) + 3. Suppose -4*w + 7 - 3 = p. Let v(y) = -2*y - 3. Let s be v(-4). What is the highest common divisor of w and s?
1
Let k(s) = 8*s - 21. Let w(o) = 40*o - 104. Let i(j) = -11*k(j) + 2*w(j). Let r be i(-9). Calculate the greatest common divisor of r and 5.
5
Let i be (-1 + 15)/((-118)/(-295)). Calculate the highest common factor of 7 and i.
7
Let y(k) = -k**2 + 18*k - 6. Let i be y(18). Let l be -4 + (22 - i/3). What is the highest common factor of l and 10?
10
Let u = -49 - -82. Suppose 2*s - 23 = -3*n - 3*s, -5*n - 2*s + 32 = 0. Let g = -3 + n. What is the greatest common divisor of g and u?
3
Let m = -56 + 95. Let g = m + 21. What is the greatest common factor of g and 12?
12
Suppose -52*d - 101 = -55*d - 5*b, 0 = 3*d + b - 85. What is the highest common factor of d and 189?
27
Let r(y) be the second derivative of 5*y + 0 + 1/3*y**3 + 0*y**2. Let s be r(3). Calculate the highest common factor of s and 15.
3
Suppose 1084 - 316 = 8*g. Calculate the greatest common divisor of 24 and g.
24
Let t(d) = -d**3 - 7*d**2 - 7*d - 3. Let b be t(-6). Suppose 6*w - 4*w = b*h - 570, -5*h - 2*w + 966 = 0. What is the highest common divisor of h and 24?
24
Let u be ((-108)/(-42))/(-5 + (-424)/(-84)). What is the greatest common divisor of u and 360?
18
Let z(c) = -28*c + 172. Let u be z(5). Calculate the greatest common factor of u and 12.
4
Let w = -5 - -8. Suppose 21395 = 3*j - 8*j. Let n be j/(-77) + w/7. Calculate the highest common divisor of n and 7.
7
Let s(l) = -11*l + 74. Let c be s(10). Let r = c - -58. What is the greatest common divisor of r and 110?
22
Let r be 198*6/4 + -1. Let m = -4226 - -4263. Calculate the highest common divisor of m and r.
37
Let l be (15 - 16)*(-35 + 2). Suppose 3*x = -2*o + 72, 7*x + 4*o = 3*x + 100. Calculate the highest common divisor of l and x.
11
Suppose -3*b - 335 = -5*u + 2*b, -64 = -u + 2*b. Let i be u/(-3) + 4/(-6). Let s = i - -34. Calculate the highest common divisor of s and 40.
10
Suppose -4*m + 8 = 2*y, 2*m - 3*m = 2*y - 14. Suppose -4*c + y + 7 = 5*h, -c - 3*h + 2 = 